{"text_format":"1","workbook":"xlsx","n_sheets":9,"sheets":["6 Min Walk","Sample 6 Min Walk","O2 Dosing","Sample O2 Dosing","Transplant O2 Dosing","Lists","Shunt-Simple","Shunt PA Cath","Nocturnal O2"],"not_rendered":{"charts":0,"images":0,"macros":1,"external_links":0,"defined_names":8,"comments":8,"pivot_tables":0},"unopened":[],"bounds":{"document_bytes":16777216,"sheet_cells":100000,"rows_first":2000,"rows_last":500,"rows_between":2000,"halvings":0,"cell_chars":16384,"cell_head_chars":4096},"cells_cut":0,"cells_raw":0,"read":"whole","date_system":"1900"}

{"sheet":"6 Min Walk","index":0,"n_rows":49,"n_cols":16,"rows_kept":49,"cut":false,"hidden":false,"merged":[[15,1,15,17],[16,0,16,2],[16,3,16,17],[17,1,17,17],[18,0,18,2],[18,3,18,17],[48,3,48,8],[5,2,5,17],[48,12,48,17],[13,0,13,4],[13,5,13,7],[13,13,13,15],[12,5,12,7],[12,13,12,15],[28,3,28,5],[28,6,28,8],[28,9,28,11],[28,12,28,14],[28,15,28,17],[27,3,27,5],[8,0,10,17],[12,0,12,4],[31,3,34,17],[37,0,45,17],[20,4,20,7],[20,0,20,3],[21,0,21,3],[22,0,22,3],[21,4,21,7],[22,4,22,7],[27,6,27,8],[27,9,27,11],[27,12,27,14],[27,15,27,17],[27,0,27,2],[28,0,28,2],[30,0,30,17],[35,0,35,17],[4,12,4,17],[4,2,4,7],[4,8,4,11],[2,2,2,12],[2,13,2,14],[2,15,2,17],[3,2,3,3],[3,5,3,6],[3,7,3,8],[3,9,3,10],[3,11,3,12],[3,16,3,17],[3,13,3,14],[6,0,6,17],[7,0,7,17],[11,0,11,17],[14,0,14,17],[12,8,12,12],[13,8,13,12],[26,0,26,2],[19,0,19,17],[20,8,20,17],[23,0,23,17],[24,0,24,17],[25,0,25,2],[22,8,22,11],[21,12,21,17],[22,12,22,17],[25,3,26,5],[25,6,26,8],[25,9,26,11],[25,12,26,14],[25,15,26,17],[21,8,21,11],[29,15,29,17],[0,0,1,17],[49,0,49,17],[2,0,2,1],[3,0,3,1],[4,0,4,1],[5,0,5,1],[36,0,36,17],[46,0,46,17],[47,0,47,17],[48,0,48,2],[48,9,48,11],[31,0,31,2],[32,0,32,2],[33,0,33,2],[34,0,34,2],[29,0,29,2],[29,3,29,5],[29,6,29,8],[29,9,29,11],[29,12,29,14]]}
["6 Minute Walk"]
[]
["Name:",null,null,null,null,null,null,null,null,null,null,null,null,"MRN: "]
["Date:",null,null,null,"Sex: ",null,null,"Ht (cm):  ",null,null,null,"Wt (kg):  ",null,null,null,"Age:"]
["Tech:",null,null,null,null,null,null,null,"Ordering Staff:   "]
["Diag:"]
[]
["Meds That May Affect Heart Rate:"]
[]
[]
[]
[]
["Total Distance (m):",null,null,null,null,null,null,null,"Stopped < 6 min?   "]
["Predicted Distance (m):",null,null,null,null,{"$f":"IF(AND(OR(LEFT(F4,1)=\"M\", LEFT(F4,1)=\"m\"), J4>0, N4>0, Q4>0), (7.57*J4)-(5.02*Q4)-(1.76*N4)-309,  IF(AND(OR(LEFT(F4,1)=\"F\", LEFT(F4,1)=\"f\"), J4>0, N4>0, Q4>0), (2.11*J4)-(2.29*N4)-(5.78*Q4)+667, \"\"))","v":""},null,null," Distance Normal?   ",null,null,null,null,{"$f":"IF(AND(ISNUMBER(F13), ISNUMBER(F14)),    IF(OR(LEFT(F4,1)=\"M\", LEFT(F4,1)=\"m\"), IF(F14-F13>153, \"No (< 95% c.i.)\", \"Yes\"), IF(F14-F13>139, \"No (< 95% c.i.)\", \"Yes\")),        \"\")","v":""}]
[]
[null,"Males:  6MWD = (7.57 × heightcm) - (5.02 × age) - (1.76 × weightkg) - 309 (meters)"]
[null,null,null,"95% c.i. Males = 153 m"]
[null,"Females:  6MWD = (2.11 × heightcm) - (2.29 × weightkg) - (5.78 × age) + 667 (meters)"]
[null,null,null,"95% c.i. Females = 139 m"]
[]
["Was Oxygen Used? "]
["O2 Dose If Used: ",null,null,null,null,null,null,null,"O2 System:  "]
["Assisted Device? ",null,null,null,null,null,null,null,"Type Of Device:  "]
[]
[]
[null,null,null,"H.R.",null,null,"Dyspnea          (Borg 0-10)",null,null,"Fatigue          (Borg 0-10)",null,null,"O2 Saturation",null,null,"Blood Pressure"]
[]
["Baseline:"]
["End of Test:"]
["1 min Post"]
[]
["Comments:",null,null,"*** If patient stopped, how many times & for how long, or delete this. \n*** Are comments regarding effort worth mentioning?"]
[]
[]
[]
[]
["Interpretation:"]
["The patient was able to walk *** meters which is  within***below the confidence limit of normal. The heart rate rose from *** at rest  to *** bpm at completion, with a Borg dyspnea/fatigue index change from ***/*** to ***/***.  The O2 saturation started at ***%, and ended at ***%.  The initial blood pressure was ***/*** and ***/*** at completion.  Compared to the last test done on ***, there was a *** meter increase***decrease in distance walked."]
[]
[]
[]
[]
[]
[]
[]
[]
[]
[]
["Reading Staff:",null,null,null,null,null,null,null,null,"Fellow:  "]

{"sheet":"Sample 6 Min Walk","index":1,"n_rows":49,"n_cols":17,"rows_kept":49,"cut":false,"hidden":true,"merged":[[49,0,49,17],[35,0,35,17],[36,0,36,17],[37,0,45,17],[46,0,46,17],[47,0,47,17],[48,0,48,2],[48,3,48,8],[48,9,48,11],[48,12,48,17],[30,0,30,17],[31,0,31,2],[31,3,34,17],[32,0,32,2],[33,0,33,2],[34,0,34,2],[29,15,29,17],[28,0,28,2],[28,3,28,5],[28,6,28,8],[28,9,28,11],[28,12,28,14],[28,15,28,17],[29,0,29,2],[29,3,29,5],[29,6,29,8],[29,9,29,11],[29,12,29,14],[27,15,27,17],[25,0,25,2],[25,3,26,5],[25,6,26,8],[25,9,26,11],[25,12,26,14],[25,15,26,17],[26,0,26,2],[27,0,27,2],[27,3,27,5],[27,6,27,8],[27,9,27,11],[27,12,27,14],[17,1,17,17],[24,0,24,17],[19,0,19,17],[20,0,20,3],[20,4,20,7],[20,8,20,17],[21,0,21,3],[21,4,21,7],[21,8,21,11],[21,12,21,17],[22,0,22,3],[22,4,22,7],[22,8,22,11],[22,12,22,17],[23,0,23,17],[7,0,7,17],[8,0,10,17],[18,0,18,2],[18,3,18,17],[12,0,12,4],[12,5,12,7],[12,8,12,12],[12,13,12,15],[13,0,13,4],[13,5,13,7],[13,8,13,12],[13,13,13,15],[14,0,14,17],[15,1,15,17],[16,0,16,2],[16,3,16,17],[11,0,11,17],[3,11,3,12],[3,13,3,14],[3,16,3,17],[4,0,4,1],[4,2,4,7],[4,8,4,11],[4,12,4,17],[3,0,3,1],[3,2,3,3],[3,5,3,6],[3,7,3,8],[3,9,3,10],[5,0,5,1],[5,2,5,17],[6,0,6,17],[0,0,1,17],[2,0,2,1],[2,2,2,12],[2,13,2,14],[2,15,2,17]]}
["6 Minute Walk"]
[]
["Name:",null,"Zachary Q. Morris",null,null,null,null,null,null,null,null,null,null,"MRN: ",null,"12345678"]
["Date:",null,"2015-10-10",null,"Sex: ","Male",null,"Ht (cm):  ",null,170,null,"Wt (kg):  ",null,85.5,null,"Age:",65]
["Tech:",null,"PFT Tech 1",null,null,null,null,null,"Ordering Staff:   ",null,null,null,"Senior Staff"]
["Diag:",null,"ILD"]
[]
["Meds That May Affect Heart Rate:"]
["Albuterol"]
[]
[]
[]
["Total Distance (m):",null,null,null,null,300,null,null,"Stopped < 6 min?   ",null,null,null,null,"Yes x 2"]
["Predicted Distance (m):",null,null,null,null,{"$f":"IF(AND(OR(LEFT(F4,1)=\"M\", LEFT(F4,1)=\"m\"), J4>0, N4>0, Q4>0), (7.57*J4)-(5.02*Q4)-(1.76*N4)-309,  IF(AND(OR(LEFT(F4,1)=\"F\", LEFT(F4,1)=\"f\"), J4>0, N4>0, Q4>0), (2.11*J4)-(2.29*N4)-(5.78*Q4)+667, \"\"))","v":501.12000000000012},null,null," Distance Normal?   ",null,null,null,null,{"$f":"IF(AND(ISNUMBER(F13), ISNUMBER(F14)),    IF(OR(LEFT(F4,1)=\"M\", LEFT(F4,1)=\"m\"), IF(F14-F13>153, \"No (< 95% c.i.)\", \"Yes\"), IF(F14-F13>139, \"No (< 95% c.i.)\", \"Yes\")),        \"\")","v":"No (< 95% c.i.)"}]
[]
[null,"Males:  6MWD = (7.57 × heightcm) - (5.02 × age) - (1.76 × weightkg) - 309 (meters)"]
[null,null,null,"95% c.i. Males = 153 m"]
[null,"Females:  6MWD = (2.11 × heightcm) - (2.29 × weightkg) - (5.78 × age) + 667 (meters)"]
[null,null,null,"95% c.i. Females = 139 m"]
[]
["Was Oxygen Used? ",null,null,null,"Yes"]
["O2 Dose If Used: ",null,null,null,"2 Liter",null,null,null,"O2 System:  ",null,null,null,"Nasal cannula-continuous"]
["Assisted Device? ",null,null,null,"Yes",null,null,null,"Type Of Device:  ",null,null,null,"Walker"]
[]
[]
[null,null,null,"H.R.",null,null,"Dyspnea          (Borg 0-10)",null,null,"Fatigue          (Borg 0-10)",null,null,"O2 Saturation",null,null,"Blood Pressure"]
[]
["Baseline:",null,null,"80",null,null,"1",null,null,"1",null,null,"96",null,null,"120/80"]
["End of Test:",null,null,"120",null,null,"5",null,null,"4",null,null,"92",null,null,"140/90"]
["1 min Post",null,null,"."]
[]
["Comments:",null,null,"Patient did not stop an showed good effort."]
[]
[]
[]
[]
["Interpretation:"]
["The patient was able to walk 300 meters which is  below the confidence limit of normal. The heart rate rose from 80 at rest  to 120 bpm at completion, with a Borg dyspnea/fatigue index increase of1/1 to 5/4.  The O2 saturation started at 96%, and ended at 92%.  The change in blood pressure was from 120/80 at rest  to 140/90.  Compared to the last test done on 5/15/2009, there was a 100 meter decrease in distance walked."]
[]
[]
[]
[]
[]
[]
[]
[]
[]
[]
["Reading Staff:",null,null,"Staff 1",null,null,null,null,null,"Fellow:  ",null,null,"Fellow 1"]

{"sheet":"O2 Dosing","index":2,"n_rows":50,"n_cols":17,"rows_kept":50,"cut":false,"hidden":false,"merged":[[11,15,11,16],[12,3,12,8],[12,15,12,16],[21,0,21,1],[31,14,31,15],[36,0,36,17],[37,0,37,2],[39,0,39,2],[30,2,30,3],[30,4,30,5],[30,6,30,7],[30,8,30,9],[30,10,30,11],[30,12,30,13],[30,14,30,15],[24,2,24,3],[24,4,24,5],[24,6,24,7],[24,8,24,9],[24,10,24,11],[24,12,24,13],[24,14,24,15],[28,12,28,13],[28,14,28,15],[20,2,20,3],[20,4,20,5],[20,6,20,7],[20,8,20,9],[11,9,11,10],[11,11,11,12],[11,13,11,14],[12,9,12,10],[12,11,12,12],[12,13,12,14],[11,0,11,2],[12,0,12,2],[2,13,2,14],[3,7,3,8],[3,11,3,12],[2,15,2,17],[13,9,13,10],[17,16,17,17],[16,16,16,17],[2,2,2,12],[13,3,13,8],[13,11,13,12],[13,13,13,14],[13,15,13,16],[17,2,17,3],[16,2,16,3],[16,4,16,5],[16,14,16,15],[17,4,17,5],[16,6,16,7],[16,8,16,9],[16,10,16,11],[16,12,16,13],[3,2,3,3],[17,14,17,15],[11,3,11,8],[49,4,49,9],[21,2,21,3],[27,2,27,3],[27,4,27,5],[27,6,27,7],[27,8,27,9],[27,10,27,11],[27,12,27,13],[17,6,17,7],[17,8,17,9],[17,10,17,11],[17,12,17,13],[41,0,48,17],[35,13,35,14],[35,7,35,8],[35,9,35,10],[35,11,35,12],[37,3,39,17],[49,12,49,17],[30,16,30,17],[29,2,29,3],[29,4,29,5],[29,6,29,7],[29,8,29,9],[8,0,10,17],[5,2,5,17],[3,16,3,17],[3,13,3,14],[3,5,3,6],[3,9,3,10],[4,2,4,7],[4,8,4,11],[5,0,5,1],[6,0,6,17],[7,0,7,17],[4,12,4,17],[22,0,22,1],[23,0,23,1],[23,8,23,9],[23,10,23,11],[23,12,23,13],[23,2,23,3],[23,4,23,5],[23,6,23,7],[22,2,22,3],[22,16,22,17],[20,10,20,11],[20,12,20,13],[20,14,20,15],[20,16,20,17],[21,4,21,5],[21,6,21,7],[21,8,21,9],[21,10,21,11],[21,12,21,13],[21,14,21,15],[21,16,21,17],[29,10,29,11],[23,16,23,17],[23,14,23,15],[40,0,40,17],[22,4,22,5],[22,6,22,7],[22,8,22,9],[22,10,22,11],[22,12,22,13],[27,14,27,15],[27,16,27,17],[22,14,22,15],[33,2,33,3],[33,4,33,5],[33,6,33,7],[33,8,33,9],[33,10,33,11],[33,12,33,13],[31,2,31,3],[31,4,31,5],[31,6,31,7],[31,8,31,9],[31,10,31,11],[31,12,31,13],[49,0,49,3],[49,10,49,11],[13,0,13,2],[14,0,14,17],[15,0,15,17],[18,0,18,17],[19,0,19,17],[25,0,25,17],[26,0,26,17],[34,0,34,17],[35,0,35,6],[35,15,35,17],[33,14,33,15],[33,16,33,17],[32,4,32,5],[32,6,32,7],[32,8,32,9],[32,10,32,11],[32,12,32,13],[32,14,32,15],[24,16,24,17],[29,12,29,13],[29,14,29,15],[28,16,28,17],[0,0,1,17],[33,0,33,1],[16,0,16,1],[20,0,20,1],[27,0,27,1],[17,0,17,1],[24,0,24,1],[28,0,28,1],[29,0,29,1],[30,0,30,1],[31,0,31,1],[32,0,32,1],[31,16,31,17],[32,2,32,3],[32,16,32,17],[2,0,2,1],[3,0,3,1],[4,0,4,1],[29,16,29,17],[28,2,28,3],[28,4,28,5],[28,6,28,7],[28,8,28,9],[28,10,28,11]]}
["Resting / Walking O2 Dosing"]
[]
["Name:",null,null,null,null,null,null,null,null,null,null,null,null,"MRN: "]
["Date:",null,null,null,"Sex: ",null,null,"Ht (cm):  ",null,null,null,"Wt (kg):  ",null,null,null,"Age:"]
["Tech:",null,null,null,null,null,null,null,"Ordering Staff:   "]
["Diag:"]
[]
["Meds Affecting Heart Rate:"]
[]
[]
[]
[null,null,null,"O2 Dose",null,null,null,null,null,"PaO2",null,"PaCO2",null,"pH",null,"O2 Sat"]
["Rest ABG:"]
["Final ABG:"]
[]
["Room Air  (O2sat/H.R.) :"]
["O2 Dose",null,"Rest",null,"30 m",null,"60 m",null,"90 m",null,"120  m",null,"150 m",null,"180 m",null,"210 m"]
["Rm Air"]
[]
["O2 Conserving Device  (O2sat/H.R.) :"]
["O2 Dose",null,"Rest",null,"30 m",null,"60 m",null,"90 m",null,"120  m",null,"150 m",null,"180 m",null,"210 m"]
["- - - - - -"]
["- - - - - -"]
["- - - - - -"]
["- - - - - -"]
[]
["O2 Continuous Flow  (O2sat/H.R.) :"]
["O2 Dose",null,"Rest",null,"30 m",null,"60 m",null,"90 m",null,"120  m",null,"150 m",null,"180 m",null,"210 m"]
["- - - - - -"]
["- - - - - -"]
["- - - - - -"]
["- - - - - -"]
["- - - - - -"]
["- - - - - -"]
[]
["Dyspnea / Fatigue Borg Index (0-10):",null,null,null,null,null,null,"Rest:  ",null,null,null,"Peak:  "]
[]
["Comments:"]
[]
[]
["Interpretation:"]
["The patient was ambulataed *** meters on room air/ liters of continuous O2/liters conserving device O2.  The saturation did not falling below ***%. The heart rate increased from a resting rate of *** to *** bpm. The Borg dyspnea/fatigue Index changed from ***/*** to ***/*** at the end of the test."]
[]
[]
[]
[]
[]
[]
[]
["Reading Staff:",null,null,null,null,null,null,null,null,null,"Fellow:  "]

{"sheet":"Sample O2 Dosing","index":3,"n_rows":50,"n_cols":17,"rows_kept":50,"cut":false,"hidden":true,"merged":[[3,11,3,12],[3,13,3,14],[3,16,3,17],[4,0,4,1],[4,2,4,7],[4,8,4,11],[4,12,4,17],[0,0,1,17],[2,0,2,1],[2,2,2,12],[2,13,2,14],[2,15,2,17],[3,0,3,1],[3,2,3,3],[3,5,3,6],[3,7,3,8],[3,9,3,10],[5,0,5,1],[5,2,5,17],[6,0,6,17],[7,0,7,17],[8,0,9,17],[10,0,10,2],[10,3,10,8],[10,9,10,10],[10,11,10,12],[10,13,10,14],[12,0,12,2],[12,3,12,8],[12,9,12,10],[12,11,12,12],[12,13,12,14],[12,15,12,16],[10,15,10,16],[11,0,11,2],[11,3,11,8],[11,9,11,10],[11,11,11,12],[11,13,11,14],[11,15,11,16],[13,0,13,17],[14,0,14,17],[15,0,15,1],[15,2,15,3],[15,4,15,5],[15,6,15,7],[15,8,15,9],[15,10,15,11],[15,12,15,13],[15,14,15,15],[15,16,15,17],[16,0,16,1],[16,2,16,3],[16,4,16,5],[16,6,16,7],[16,8,16,9],[16,10,16,11],[16,12,16,13],[16,14,16,15],[16,16,16,17],[17,0,17,17],[18,0,18,17],[19,0,19,1],[19,2,19,3],[19,4,19,5],[19,6,19,7],[19,8,19,9],[19,10,19,11],[19,12,19,13],[19,14,19,15],[19,16,19,17],[20,0,20,1],[20,2,20,3],[20,4,20,5],[20,6,20,7],[20,8,20,9],[20,10,20,11],[20,12,20,13],[20,14,20,15],[20,16,20,17],[21,12,21,13],[21,14,21,15],[21,16,21,17],[22,0,22,1],[22,2,22,3],[22,4,22,5],[22,6,22,7],[22,8,22,9],[22,10,22,11],[22,12,22,13],[21,0,21,1],[21,2,21,3],[21,4,21,5],[21,6,21,7],[21,8,21,9],[21,10,21,11],[22,14,22,15],[22,16,22,17],[23,0,23,1],[23,2,23,3],[23,4,23,5],[23,6,23,7],[23,8,23,9],[23,10,23,11],[23,12,23,13],[23,14,23,15],[23,16,23,17],[24,0,24,17],[25,0,25,17],[26,0,26,1],[26,2,26,3],[26,4,26,5],[26,6,26,7],[26,8,26,9],[26,10,26,11],[26,12,26,13],[26,14,26,15],[26,16,26,17],[27,0,27,1],[27,2,27,3],[27,4,27,5],[27,6,27,7],[27,8,27,9],[27,10,27,11],[27,12,27,13],[27,14,27,15],[27,16,27,17],[28,0,28,1],[28,2,28,3],[28,4,28,5],[28,6,28,7],[28,8,28,9],[28,10,28,11],[28,12,28,13],[28,14,28,15],[28,16,28,17],[29,12,29,13],[29,14,29,15],[29,16,29,17],[30,0,30,1],[30,2,30,3],[30,4,30,5],[30,6,30,7],[30,8,30,9],[30,10,30,11],[30,12,30,13],[29,0,29,1],[29,2,29,3],[29,4,29,5],[29,6,29,7],[29,8,29,9],[29,10,29,11],[30,14,30,15],[30,16,30,17],[31,0,31,1],[31,2,31,3],[31,4,31,5],[31,6,31,7],[31,8,31,9],[31,10,31,11],[31,12,31,13],[31,14,31,15],[31,16,31,17],[32,0,32,1],[32,2,32,3],[32,4,32,5],[32,6,32,7],[32,8,32,9],[32,10,32,11],[32,12,32,13],[32,14,32,15],[32,16,32,17],[33,12,33,13],[33,14,33,15],[33,16,33,17],[34,0,34,17],[35,0,35,6],[35,7,35,8],[35,9,35,10],[35,11,35,12],[35,13,35,14],[35,15,35,17],[33,0,33,1],[33,2,33,3],[33,4,33,5],[33,6,33,7],[33,8,33,9],[33,10,33,11],[49,0,49,3],[49,4,49,9],[49,10,49,11],[49,12,49,17],[36,0,36,17],[37,0,37,2],[37,3,39,17],[39,0,39,2],[40,0,40,17],[41,0,48,17]]}
["Resting / Walking O2 Dosing"]
[]
["Name:",null,"Zachary Q. Morris",null,null,null,null,null,null,null,null,null,null,"MRN: ",null,"12345678"]
["Date:",null,"2015-10-10",null,"Sex: ","Male",null,"Ht (cm):  ",null,170,null,"Wt (kg):  ",null,85.5,null,"Age:",62]
["Tech:",null,"PFT Tech 1",null,null,null,null,null,"Ordering Staff:   ",null,null,null,"Senior Staff"]
["Diag:",null,"ILD"]
[]
["Meds Affecting Heart Rate:"]
["Albuterol, metoprolol"]
[]
[null,null,null,"O2 Dose",null,null,null,null,null,"PaO2",null,"PaCO2",null,"pH",null,"O2 Sat"]
["Rest ABG:",null,null,"Room Air",null,null,null,null,null,54.3,null,43.1,null,7.4560000000000004,null,88]
["Final ABG:"]
[]
["Room Air  (O2sat/H.R.) :"]
["O2 Dose",null,"Rest",null,"30 m",null,"60 m",null,"90 m",null,"120  m",null,"150 m",null,"180 m",null,"210 m"]
["Rm Air",null,"88/80"]
[]
["O2 Conserving Device  (O2sat/H.R.) :"]
["O2 Dose",null,"Rest",null,"30 m",null,"60 m",null,"90 m",null,"120  m",null,"150 m",null,"180 m",null,"210 m"]
["2 L/min",null,"94/88",null,"92/92",null,"90/96",null,"88/100"]
["4 L/min",null,"96/88",null,"95/90",null,"93/92",null,"91/96",null,"91/98",null,"91/100",null,"90/102",null,"90/104"]
["- - - - - -"]
["- - - - - -"]
[]
["O2 Continuous Flow  (O2sat/H.R.) :"]
["O2 Dose",null,"Rest",null,"30 m",null,"60 m",null,"90 m",null,"120  m",null,"150 m",null,"180 m",null,"210 m"]
["2 L/min",null,"96/85",null,"96/87",null,"95/95",null,"94/100"]
["- - - - - -"]
["- - - - - -"]
["- - - - - -"]
["- - - - - -"]
["- - - - - -"]
["- - - - - -"]
[]
["Dyspnea / Fatigue Borg Index:",null,null,null,null,null,null,"Rest:  ",null,"0/0",null,"Peak:  ",null,"4/5"]
[]
["Comments:",null,null,"Patient was limited by hip pain."]
[]
[]
["Interpretation:"]
["The patient was ambulataed 210 meters on 4 L conserving O2.  The saturation did not falling below 90%. The heart rate increased from resting of 88 to 104 bpm. The Borg dyspnea/fatigue Index changed from 0/0 to 4/5 at the end of the test."]
[]
[]
[]
[]
[]
[]
[]
["Reading Staff:",null,null,null,"Senior Staff, MD",null,null,null,null,null,"Fellow:  ",null,"Junior Fellow, MD"]

{"sheet":"Transplant O2 Dosing","index":4,"n_rows":49,"n_cols":17,"rows_kept":49,"cut":false,"hidden":false,"merged":[[27,14,27,15],[27,16,27,17],[47,0,47,17],[26,12,26,13],[26,14,26,15],[26,16,26,17],[27,0,27,1],[27,2,27,3],[27,4,27,5],[27,6,27,7],[27,8,27,9],[27,10,27,11],[27,12,27,13],[26,0,26,1],[26,2,26,3],[26,4,26,5],[26,6,26,7],[26,8,26,9],[26,10,26,11],[30,12,30,13],[30,14,30,15],[30,16,30,17],[31,0,31,17],[32,0,32,6],[25,0,25,1],[25,2,25,3],[25,4,25,5],[25,6,25,7],[25,8,25,9],[25,10,25,11],[25,12,25,13],[25,14,25,15],[25,16,25,17],[48,0,48,3],[48,4,48,9],[48,10,48,11],[48,12,48,17],[33,0,33,17],[34,0,34,2],[34,3,36,17],[36,0,36,2],[37,0,37,17],[38,0,46,17],[32,7,32,8],[32,9,32,10],[32,11,32,12],[32,13,32,14],[32,15,32,17],[30,0,30,1],[30,2,30,3],[30,4,30,5],[30,6,30,7],[30,8,30,9],[30,10,30,11],[29,0,29,1],[29,2,29,3],[29,4,29,5],[29,6,29,7],[29,8,29,9],[29,10,29,11],[29,12,29,13],[29,14,29,15],[29,16,29,17],[28,0,28,1],[28,2,28,3],[28,4,28,5],[28,6,28,7],[28,8,28,9],[28,10,28,11],[28,12,28,13],[28,14,28,15],[28,16,28,17],[23,12,23,13],[23,14,23,15],[23,16,23,17],[24,0,24,1],[24,2,24,3],[24,4,24,5],[24,6,24,7],[24,8,24,9],[24,10,24,11],[24,12,24,13],[23,0,23,1],[23,2,23,3],[23,4,23,5],[23,6,23,7],[23,8,23,9],[23,10,23,11],[24,14,24,15],[24,16,24,17],[22,0,22,1],[22,2,22,3],[22,4,22,5],[22,6,22,7],[22,8,22,9],[22,10,22,11],[22,12,22,13],[22,14,22,15],[22,16,22,17],[21,0,21,1],[21,2,21,3],[21,4,21,5],[21,6,21,7],[21,8,21,9],[21,10,21,11],[21,12,21,13],[21,14,21,15],[21,16,21,17],[19,0,19,17],[20,0,20,1],[20,2,20,3],[20,4,20,5],[20,6,20,7],[20,8,20,9],[20,10,20,11],[20,12,20,13],[18,0,18,17],[20,14,20,15],[20,16,20,17],[17,0,17,1],[17,2,17,3],[17,4,17,5],[17,6,17,7],[17,8,17,9],[17,10,17,11],[17,12,17,13],[17,14,17,15],[17,16,17,17],[14,0,14,17],[15,0,15,17],[16,0,16,1],[16,2,16,3],[16,4,16,5],[16,6,16,7],[16,8,16,9],[16,10,16,11],[16,12,16,13],[16,14,16,15],[16,16,16,17],[13,0,13,2],[13,3,13,8],[13,9,13,10],[13,11,13,12],[13,13,13,14],[13,15,13,16],[11,15,11,16],[12,0,12,2],[12,3,12,8],[12,9,12,10],[12,11,12,12],[12,13,12,14],[12,15,12,16],[11,0,11,2],[11,3,11,8],[11,9,11,10],[11,11,11,12],[11,13,11,14],[0,0,1,17],[5,0,5,1],[5,2,5,17],[6,0,6,17],[7,0,7,17],[8,0,10,17],[2,0,2,1],[2,2,2,12],[2,13,2,14],[2,15,2,17],[3,11,3,12],[3,13,3,14],[3,16,3,17],[4,0,4,1],[4,2,4,7],[4,8,4,11],[4,12,4,17],[3,0,3,1],[3,2,3,3],[3,5,3,6],[3,7,3,8],[3,9,3,10]]}
["Resting / Walking O2 Dosing"]
[]
["Name:",null,null,null,null,null,null,null,null,null,null,null,null,"MRN: "]
["Date:",null,null,null,"Sex: ",null,null,"Ht (cm):  ",null,null,null,"Wt (kg):  ",null,null,null,"Age:"]
["Tech:",null,null,null,null,null,null,null,"Ordering Staff:   "]
["Diag:"]
[]
["Meds Affecting Heart Rate:"]
[]
[]
[]
[null,null,null,"O2 Dose",null,null,null,null,null,"PaO2",null,"PaCO2",null,"pH",null,"O2 Sat"]
["Rest ABG:"]
["Final ABG:"]
[]
["Room Air  (O2sat/H.R.) :"]
["O2 Dose",null,"Rest",null,"30 m",null,"60 m",null,"90 m",null,"120  m",null,"150 m",null,"180 m",null,"210 m"]
["Rm Air"]
[]
["O2 Continuous Flow  (O2sat/H.R.) :"]
["O2 Dose",null,"Rest",null,"30 m",null,"60 m",null,"90 m",null,"120  m",null,"150 m",null,"180 m",null,"210 m"]
["- - - - - -"]
["- - - - - -"]
["- - - - - -"]
["- - - - - -"]
["- - - - - -"]
["- - - - - -"]
["- - - - - -"]
["- - - - - -"]
["- - - - - -"]
["- - - - - -"]
[]
["Dyspnea / Fatigue Borg Index (0-10):",null,null,null,null,null,null,"Rest:  ",null,null,null,"Peak:  "]
[]
["Comments:"]
[]
[]
["Interpretation:"]
["The patient was ambulataed *** meters on room air/ liters of continuous O2/liters conserving device O2.  The saturation did not falling below ***%. The heart rate increased from a resting rate of *** to *** bpm. The Borg dyspnea/fatigue Index changed from ***/*** to ***/*** at the end of the test."]
[]
[]
[]
[]
[]
[]
[]
[]
[]
["Reading Staff:",null,null,null,null,null,null,null,null,null,"Fellow:  "]

{"sheet":"Lists","index":5,"n_rows":18,"n_cols":11,"rows_kept":18,"cut":false,"hidden":true,"merged":[]}
["Male_Female","O2_Dose","Conserving_Doses","O2_Delivery_Method","Pressure_Support",null,"6 Min Walk Predicted Eq",{"$f":"IF(AND(OR(LEFT('6 Min Walk'!F4,1)=\"M\", LEFT('6 Min Walk'!F4,1)=\"m\"), '6 Min Walk'!J4>0, '6 Min Walk'!N4>0, '6 Min Walk'!Q4>0), (7.57*'6 Min Walk'!J4)-(5.02*'6 Min Walk'!Q4)-(1.76*'6 Min Walk'!N4)-309,  IF(AND(OR(LEFT('6 Min Walk'!F4,1)=\"F\", LEFT('6 Min Walk'!F4,1)=\"f\"), '6 Min Walk'!J4>0, '6 Min Walk'!N4>0, '6 Min Walk'!Q4>0), (2.11*'6 Min Walk'!J4)-(2.29*'6 Min Walk'!N4)-(5.78*'6 Min Walk'!Q4)+667, \"\"))","v":""},null,"Working Shared Folder","\\@ 1-Special Studies Fellow Inbox"]
["Male","N/A","- - - - - -","N/A","N/A",null,"Was Distance Reduced",{"$f":"IF(AND(ISNUMBER('6 Min Walk'!F13), ISNUMBER('6 Min Walk'!F14)),    IF(OR(LEFT('6 Min Walk'!F4,1)=\"M\", LEFT('6 Min Walk'!F4,1)=\"m\"), IF('6 Min Walk'!F14-'6 Min Walk'!F13>153, \"No (< 95% c.i.)\", \"Yes\"), IF('6 Min Walk'!F14-'6 Min Walk'!F13>139, \"No (< 95% c.i.)\", \"Yes\")),        \"\")","v":""},null,"Fellows Working Folder","\\@ -Special Studies Secretary Inbox"]
["Female","1 Liter","1 L/min","Nasal cannula-conserving","CPAP",null,null,null,null,"Backup Folder","\\@ 3-Special Studies Backup"]
[null,"2 Liter","2 L/min","Nasal cannula-continuous","BiLevel",null,"Shunt-Simplified"]
[null,"3 Liter","3 L/min","Venti-mask","AutoPAP",null,"PAO2 = BP – 47 – PaCO2 =",{"$f":"IF(AND('Shunt-Simple'!I9>0, 'Shunt-Simple'!I10>0, 'Shunt-Simple'!I11>0), 'Shunt-Simple'!I9-47-'Shunt-Simple'!I11,\"\" )","v":""}]
["Yes_No","4 Liter","4 L/min","Partial-rebreather","Noninvasive Vent",null,"Qs",{"$f":"IF(AND('Shunt-Simple'!I9>0, 'Shunt-Simple'!I10>0, 'Shunt-Simple'!I11>0, 'Shunt-Simple'!I12>0), 0.0031*('Shunt-Simple'!I12-'Shunt-Simple'!I10), \"\")","v":""}]
["Yes","5 Liter","5 L/min","Non-rebreather","Ventilation",null,"Qt",{"$f":" IF(AND('Shunt-Simple'!I9>0, 'Shunt-Simple'!I10>0, 'Shunt-Simple'!I11>0, 'Shunt-Simple'!I12>0),  0.0031 * ('Shunt-Simple'!I12 - 'Shunt-Simple'!I10) + 5, \"\")","v":""}]
["No","6 Liter","6 L/min","Trach shield","Other . . .",null,"Shunt",{"$f":"IF(AND('Shunt-Simple'!I9>0, 'Shunt-Simple'!I10>0, 'Shunt-Simple'!I11>0, 'Shunt-Simple'!I12>0), H6/H7 * 100, \"\")","v":""}]
[null,"7 Liter",null,"Other . . ."]
[null,"8 Liter",null,null,null,null,"Shunt PA Catheter"]
["Ambulation_Device","9 Liter",null,null,null,null,"PAO2 = BP – 47 – PaCO2 =",{"$f":"IF(AND('Shunt PA Cath'!F11>0, 'Shunt PA Cath'!F12>0, 'Shunt PA Cath'!F14>0), 'Shunt PA Cath'!F11-47-'Shunt PA Cath'!F14,\"\" )","v":""}]
["N/A","10 Liter",null,null,null,null,"CaO2",{"$f":"IF(AND('Shunt PA Cath'!O11>0, 'Shunt PA Cath'!F12>0, 'Shunt PA Cath'!F13>0), ('Shunt PA Cath'!O11 * 1.39 * 'Shunt PA Cath'!F13/100) + (0.0031 * 'Shunt PA Cath'!F12),\"\" )","v":""}]
["Cane","35% Mask",null,null,null,null,"CvO2",{"$f":"IF(AND('Shunt PA Cath'!O11>0, 'Shunt PA Cath'!O12>0, 'Shunt PA Cath'!O13>0), ('Shunt PA Cath'!O11 * 1.39 * 'Shunt PA Cath'!O13/100) + (0.0031 * 'Shunt PA Cath'!O12),\"\" )","v":""}]
["Walker","40% Mask",null,null,null,null,"CcO2",{"$f":"IF(AND('Shunt PA Cath'!F11>0, 'Shunt PA Cath'!O11>0, 'Shunt PA Cath'!F12>0,  'Shunt PA Cath'!F14>0),  ('Shunt PA Cath'!O11*1.39) +  (0.0031*('Shunt PA Cath'!F11-47-'Shunt PA Cath'!F14)),\"\" )","v":""}]
["Other . . .","50% Mask",null,null,null,null,"CcO2 in Nume & Denom",{"$f":"IF(AND('Shunt PA Cath'!F11>0, 'Shunt PA Cath'!O11>0, 'Shunt PA Cath'!F12>0, 'Shunt PA Cath'!O12>0, 'Shunt PA Cath'!F13>0, 'Shunt PA Cath'!O13>0, 'Shunt PA Cath'!F14>0), 'Shunt PA Cath'!N20, \"\")","v":""}]
[null,"Other . . .",null,null,null,null,"CaO2 in Numerator",{"$f":"IF(AND('Shunt PA Cath'!F11>0, 'Shunt PA Cath'!O11>0, 'Shunt PA Cath'!F12>0, 'Shunt PA Cath'!O12>0, 'Shunt PA Cath'!F13>0, 'Shunt PA Cath'!O13>0, 'Shunt PA Cath'!F14>0), 'Shunt PA Cath'!N18, \"\")","v":""}]
[null,null,null,null,null,null,"CvO2",{"$f":"IF(AND('Shunt PA Cath'!F11>0, 'Shunt PA Cath'!O11>0, 'Shunt PA Cath'!F12>0, 'Shunt PA Cath'!O12>0, 'Shunt PA Cath'!F13>0, 'Shunt PA Cath'!O13>0, 'Shunt PA Cath'!F14>0), 'Shunt PA Cath'!N19, \"\")","v":""}]
[null,null,null,null,null,null,"%Shunt",{"$f":"IF(AND('Shunt PA Cath'!F11>0, 'Shunt PA Cath'!O11>0, 'Shunt PA Cath'!F12>0, 'Shunt PA Cath'!O12>0, 'Shunt PA Cath'!F13>0, 'Shunt PA Cath'!O13>0, 'Shunt PA Cath'!F14>0), ('Shunt PA Cath'!N20-'Shunt PA Cath'!N18)/('Shunt PA Cath'!N20-'Shunt PA Cath'!N19) *100, \"\")","v":""}]

{"sheet":"Shunt-Simple","index":6,"n_rows":47,"n_cols":16,"rows_kept":47,"cut":false,"hidden":false,"merged":[[15,10,16,11],[10,8,10,9],[11,8,11,9],[47,0,47,17],[12,0,12,17],[13,0,13,17],[14,0,14,17],[17,0,17,17],[18,0,18,17],[36,0,43,17],[30,0,33,17],[23,0,26,17],[19,3,20,3],[19,4,19,5],[20,4,20,5],[19,6,20,7],[19,8,20,8],[44,0,44,17],[45,0,45,17],[46,0,46,2],[19,9,19,10],[6,0,6,17],[7,1,7,17],[8,0,8,1],[9,0,9,1],[8,2,8,7],[9,2,9,7],[8,8,8,9],[9,8,9,9],[11,2,11,7],[8,10,8,17],[9,10,9,17],[10,10,10,17],[11,10,11,17],[4,8,4,11],[4,12,4,17],[5,2,5,17],[4,0,4,1],[5,0,5,1],[4,2,4,7],[10,0,10,1],[11,0,11,1],[10,2,10,7],[46,12,46,17],[15,3,16,3],[15,4,15,9],[16,4,16,9],[46,3,46,8],[21,0,21,17],[22,0,22,17],[27,0,27,17],[28,0,28,17],[29,0,29,17],[34,0,34,17],[35,0,35,17],[46,9,46,11],[0,0,1,17],[3,11,3,12],[3,13,3,14],[3,16,3,17],[2,0,2,1],[3,0,3,1],[3,5,3,6],[3,7,3,8],[3,9,3,10],[2,2,2,12],[2,13,2,14],[2,15,2,17],[3,2,3,3]]}
["Simplified Equation (pulmonary artery catheter blood not available)"]
[]
["Name:",null,null,null,null,null,null,null,null,null,null,null,null,"MRN: "]
["Date:",null,null,null,"Sex: ",null,null,"Ht (cm):  ",null,null,null,"Wt (kg):  ",null,null,null,"Age:"]
["Tech:",null,null,null,null,null,null,null,"Ordering Staff:   "]
["Diag:"]
[]
[null,"Enter the below Data . . . . "]
[null,null,"Barometric Pressure . . . . . . . =",null,null,null,null,null,null,null,"mmHg"]
[null,null,"PaO2 on 100% O2 for 20 min . = ",null,null,null,null,null,null,null,"mmHg"]
[null,null,"PaCO2 on ABG . . . . . . . . . . . . . =",null,null,null,null,null,null,null,"mmHg"]
[null,null,"PAO2 = BP – 47 – PaCO2 . . . . . . =",null,null,null,null,null,{"$f":"Lists!H5","v":""},null,"mmHg"]
[]
[]
[]
[null,null,"QS","=","[ 0.0031 x (PAO2 – PaO2) ]",null,null,null,null,null,"x  100"]
[null,null,"QT",null,"   [ 0.0031 x (PAO2 – PaO2) + 5 ]"]
[]
[]
[null,null,"QS","=",{"$f":"Lists!H6","v":""},null,"x  100",null,"=",{"$f":"Lists!H8","v":""},null,"% Shunt"]
[null,null,"QT",null,{"$f":"Lists!H7","v":""}]
[]
[]
["Assumes:  \n1. Pulmonary end capillary & arterial blood fully saturated: PaO2>150, & SaO2>99% at T=37°, & pH=7.40.\n2. The arterial-venous oxygen content difference [C(a-v)O2] is 5.0 ml O2/100 ml blood (5 volumes %)."]
[]
[]
[]
[]
[]
["Comments:"]
[]
[]
[]
[]
[]
["Interpretation:"]
["***"]
[]
[]
[]
[]
[]
[]
[]
[]
[]
["Reading Staff:",null,null,null,null,null,null,null,null,"Fellow:  "]

{"sheet":"Shunt PA Cath","index":7,"n_rows":47,"n_cols":17,"rows_kept":47,"cut":false,"hidden":false,"merged":[[10,0,10,4],[11,0,11,4],[3,13,3,14],[3,16,3,17],[17,13,17,14],[11,16,11,17],[13,16,13,17],[6,0,6,17],[7,0,7,17],[8,0,8,17],[9,0,9,17],[12,0,12,4],[13,0,13,4],[10,9,10,13],[11,9,11,13],[12,9,12,13],[12,5,12,6],[13,7,13,8],[28,0,28,17],[24,10,24,11],[25,10,25,11],[24,12,25,12],[18,13,18,14],[19,13,19,14],[44,0,44,17],[45,0,45,17],[46,0,46,2],[46,9,46,11],[31,0,35,17],[3,5,3,6],[3,7,3,8],[3,9,3,10],[3,11,3,12],[38,0,43,17],[30,0,30,17],[36,0,36,17],[37,0,37,17],[29,0,29,17],[10,14,10,15],[11,14,11,15],[12,14,12,15],[11,7,11,8],[12,7,12,8],[11,5,11,6],[10,5,10,6],[10,7,10,8],[0,0,1,17],[24,13,24,14],[24,15,24,16],[2,0,2,1],[3,0,3,1],[4,0,4,1],[5,0,5,1],[2,2,2,12],[4,2,4,7],[4,8,4,11],[4,12,4,17],[5,2,5,17],[2,13,2,14],[2,15,2,17],[3,2,3,3],[47,0,47,17],[27,0,27,17],[12,16,12,17],[14,0,14,17],[16,0,16,17],[24,3,24,5],[25,3,25,5],[24,2,25,2],[13,5,13,6],[13,14,13,15],[24,6,25,6],[24,7,24,8],[25,7,25,8],[13,9,13,13],[46,12,46,17],[46,3,46,8]]}
["Shunt Using Pulmonary Artery Catheter (on 100% O2 for 20 min)"]
[]
["Name:",null,null,null,null,null,null,null,null,null,null,null,null,"MRN: "]
["Date:",null,null,null,"Sex: ",null,null,"Ht (cm):  ",null,null,null,"Wt (kg):  ",null,null,null,"Age:"]
["Tech:",null,null,null,null,null,null,null,"Ordering Staff:   "]
["Diag:"]
[]
[]
["Enter the below Data . . . . "]
[]
["Barometric Pressure . . . =",null,null,null,null,null,null,"mmHg",null,"Hemoglobin . . . . . . . . . . =",null,null,null,null,null,null,"(gm/dl)"]
["PaO2 on 100% . . . . . . . . . = ",null,null,null,null,null,null,"mmHg",null,"PVO2 (mixed venous) . . =",null,null,null,null,null,null,"mmHg"]
["O2sat on 100% O2  . . . . . . = ",null,null,null,null,null,null," %",null,"O2sat (mixed venous) . . =",null,null,null,null,null,null," %"]
["PaCO2 on 100% . . . . . . . . =",null,null,null,null,null,null,"mmHg",null,"PAO2 = BP – 47 – PaCO2 . =",null,null,null,null,{"$f":"Lists!H11","v":""},null,"mmHg"]
[]
[]
[]
[null,"CaO2  (ml/dl)  = ([Hb**] x 1.39 x artO2Sat/100) + (.0.0031 x PaO2) =",null,null,"([Hb] x 1.39 x artO2Sat/100) + (.0.0031 x PaO2) =",null,null,null,null,null,null,null,null,null,null," (ml/dl)"]
[null,"CvO2  (ml/dl)  = ",null,null,"([Hb] x 1.39 x venO2Sat/100) + (.0.0031 x PvO2) =",null,null,null,null,null,null,null,null,null,null," (ml/dl)"]
[null,"Cc'O2  (ml/dl) = ",null,null,"([Hb] x 1.39 x alvO2Sat/100) + (.0.0031 x PAO2) =",null,null,null,null,null,null,null,null,null,null," (ml/dl)"]
[null,null,"Assume Pc'O2 = PAO2 & pulmonary capillary blood is  "]
[null,null,"100% saturated.  Then PAO2 = (PB - 47 - PaCO2) mm Hg"]
[]
[]
[null,"QS","=","Cc'O2  -  CaO2",null,null,"=",{"$f":"Lists!H15","v":""},null,"-",{"$f":"Lists!H16","v":""},null,"=",{"$f":"Lists!H18","v":""},null,"% Shunt"]
[null,"QT",null,"Cc'O2  -  CvO2",null,null,null,{"$f":"Lists!H15","v":""},null,"-",{"$f":"Lists!H17","v":""}]
[]
[]
[]
[]
["Comments:"]
[]
[]
[]
[]
[]
[]
["Interpretation:"]
["***"]
[]
[]
[]
[]
[]
[]
[]
["Reading Staff:",null,null,null,null,null,null,null,null,"Fellow:  "]

{"sheet":"Nocturnal O2","index":8,"n_rows":43,"n_cols":16,"rows_kept":43,"cut":false,"hidden":true,"merged":[[15,0,15,17],[22,9,22,17],[16,1,16,6],[16,10,16,17],[22,6,22,8],[16,7,16,9],[17,4,17,6],[23,9,23,17],[17,1,17,3],[19,4,19,6],[21,0,21,17],[20,4,20,6],[23,1,23,5],[23,6,23,8],[18,1,18,3],[18,4,18,6],[2,0,2,1],[3,0,3,1],[4,0,4,1],[43,0,43,17],[17,7,17,17],[18,7,18,17],[19,7,19,17],[20,7,20,17],[34,0,34,17],[35,0,35,17],[41,0,41,17],[42,9,42,11],[42,0,42,2],[19,1,19,3],[20,1,20,3],[22,1,22,5],[2,13,2,14],[2,15,2,17],[3,2,3,3],[3,5,3,6],[3,7,3,8],[3,9,3,10],[3,11,3,12],[3,13,3,14],[25,6,25,8],[36,0,40,17],[42,12,42,17],[24,1,24,5],[25,1,25,5],[27,0,27,17],[24,9,24,17],[25,9,25,17],[26,0,26,17],[28,0,33,17],[24,6,24,8],[42,3,42,8],[11,0,11,17],[12,9,12,17],[12,0,12,4],[13,0,13,4],[14,0,14,4],[12,5,12,8],[13,5,13,8],[13,9,13,11],[14,5,14,8],[13,12,13,17],[14,9,14,11],[14,12,14,17],[0,0,1,17],[3,16,3,17],[10,11,10,12],[10,13,10,16],[9,0,9,17],[10,1,10,7],[4,12,4,17],[5,2,5,17],[5,0,5,1],[4,2,4,7],[4,8,4,11],[10,8,10,10],[6,0,6,17],[7,1,7,17],[8,1,8,17],[2,2,2,12]]}
["Resting / Walking O2 Dosing"]
[]
["Name:",null,null,null,null,null,null,null,null,null,null,null,null,"MRN: "]
["Date:",null,null,null,"Sex: ",null,null,"Ht (cm):  ",null,null,null,"Wt (kg):  ",null,null,null,"Age:"]
["Tech:",null,null,null,null,null,null,null,"Ordering Staff:   "]
["Diag:"]
[]
[null,"Description:  The patient underwent nocturnal sleep oximetric evaluation."]
[null,"Semi quantitative oxygen saturation and pulse rate data were recorded."]
[]
[null,"Previous nocturnal O2 study done?",null,null,null,null,null,null,null,null,null,"Date:  "]
[]
["Room Air? ",null,null,null,null,"Yes"]
["O2 Dosen Used? ",null,null,null,null,null,null,null,null,"O2 Device:  "]
["CPAP/BiLevel/NIV? ",null,null,null,null,null,null,null,null,"Settings:  "]
[]
[null,"Total Recording Time  (hr:min):  "]
[null,"% Below  95%:"]
[null,"% Below  90%:"]
[null,"% Below  85%:"]
[null,"% Below  80%:"]
[]
[null,"Time Below 89% (min):  "]
[null,"Minimum O2 sat (%):  "]
[null,"Avg Heart Rate (bpm):  "]
[null,"Low Heart Rate(bpm):  ",null,null,null,null,"`"]
[]
["Interpretation:"]
["***"]
[]
[]
[]
[]
[]
[]
["Recommendations:"]
["*** (OPTIONAL-CAN DELETE THIS SECTION, OR CHANGE OPTIONS)\n- Consider Laboratory sleep study                          - Correlate with wake cardiopulmonary status\n- Repeat Oximetry on supplemental O2              - Other ?\n"]
[]
[]
[]
[]
[]
["Reading Staff:",null,null,null,null,null,null,null,null,"Fellow:  "]